{"id":6696,"date":"2025-10-14T22:30:18","date_gmt":"2025-10-14T22:30:18","guid":{"rendered":"https:\/\/www.fifb.be\/?post_type=mec-events&#038;p=6696"},"modified":"2025-10-25T10:03:14","modified_gmt":"2025-10-25T10:03:14","slug":"memoiredumanguier","status":"publish","type":"mec-events","link":"https:\/\/www.fifb.be\/fr\/events\/memoiredumanguier\/","title":{"rendered":"La M\u00e9moire du Manguier (Senegal) \u2013 Comp\u00e9tition internationale LM"},"content":{"rendered":"<p>Au c\u0153ur de Cit\u00e9 Imb\u00e9cile, un quartier \u00e0 la fois pr\u00e9caire et fascinant, l\u2019Imam Habibi est une figure centrale de la communaut\u00e9. Profond\u00e9ment respect\u00e9 et aim\u00e9 des habitants, il est toujours \u00e0 l\u2019\u00e9coute de leurs pr\u00e9occupations, assis sous le grand manguier o\u00f9 il accueille leurs dol\u00e9ances et \u0153uvre inlassablement pour le bien de tous. Il a su gagner la confiance et l\u2019admiration de chacun des enfants aux anciens. Mais tout bascule lorsqu\u2019il est diagnostiqu\u00e9 de la maladie d\u2019Alzheimer. Cette \u00e9preuve bouleverse profond\u00e9ment non seulement sa propre existence, mais<br \/>\naussi celle de son entourage. D\u00e9termin\u00e9s \u00e0 lui rendre un peu de ce qu\u2019il leur a tant donn\u00e9, les habitants s\u2019unissent pour l\u2019accompagner et le soutenir. Les liens interg\u00e9n\u00e9rationnels forts feront de cette \u00e9preuve une v\u00e9ritable le\u00e7on de vie pour tous.<\/p>\n<p><a title=\"Logiciel billetterie en ligne\" href=\"https:\/\/www.weezevent.com\/widget_multi.php?84160.31.1.bo\" class=\"weezevent-widget-integration\" target=\"_blank\" data-src=\"https:\/\/www.weezevent.com\/widget_multi.php?84160.31.1.bo\" data-width=\"100%\" data-height=\"100%\" data-id=\"multi\" data-resize=\"1\" data-npb=\"0\" data-width_auto=\"1\">Billetterie Weezevent<\/a><script type=\"text\/javascript\" src=\"https:\/\/www.weezevent.com\/js\/widget\/min\/widget.min.js\"><\/script><\/p>\n","protected":false},"excerpt":{"rendered":"<p>Au c\u0153ur de Cit\u00e9 Imb\u00e9cile, un quartier \u00e0 la fois pr\u00e9caire et fascinant, l\u2019Imam Habibi est une figure centrale de la communaut\u00e9. Profond\u00e9ment respect\u00e9 et aim\u00e9 des habitants, il est toujours \u00e0 l\u2019\u00e9coute de leurs pr\u00e9occupations, assis sous le grand manguier o\u00f9 il accueille leurs dol\u00e9ances et \u0153uvre inlassablement pour le bien de tous. Il [&hellip;]<\/p>\n","protected":false},"author":12,"featured_media":8050,"comment_status":"closed","ping_status":"closed","template":"","tags":[],"mec_category":[10],"class_list":["post-6696","mec-events","type-mec-events","status-publish","has-post-thumbnail","hentry","mec_category-long-metrage"],"_links":{"self":[{"href":"https:\/\/www.fifb.be\/fr\/wp-json\/wp\/v2\/mec-events\/6696","targetHints":{"allow":["GET"]}}],"collection":[{"href":"https:\/\/www.fifb.be\/fr\/wp-json\/wp\/v2\/mec-events"}],"about":[{"href":"https:\/\/www.fifb.be\/fr\/wp-json\/wp\/v2\/types\/mec-events"}],"author":[{"embeddable":true,"href":"https:\/\/www.fifb.be\/fr\/wp-json\/wp\/v2\/users\/12"}],"replies":[{"embeddable":true,"href":"https:\/\/www.fifb.be\/fr\/wp-json\/wp\/v2\/comments?post=6696"}],"version-history":[{"count":5,"href":"https:\/\/www.fifb.be\/fr\/wp-json\/wp\/v2\/mec-events\/6696\/revisions"}],"predecessor-version":[{"id":8343,"href":"https:\/\/www.fifb.be\/fr\/wp-json\/wp\/v2\/mec-events\/6696\/revisions\/8343"}],"wp:featuredmedia":[{"embeddable":true,"href":"https:\/\/www.fifb.be\/fr\/wp-json\/wp\/v2\/media\/8050"}],"wp:attachment":[{"href":"https:\/\/www.fifb.be\/fr\/wp-json\/wp\/v2\/media?parent=6696"}],"wp:term":[{"taxonomy":"post_tag","embeddable":true,"href":"https:\/\/www.fifb.be\/fr\/wp-json\/wp\/v2\/tags?post=6696"},{"taxonomy":"mec_category","embeddable":true,"href":"https:\/\/www.fifb.be\/fr\/wp-json\/wp\/v2\/mec_category?post=6696"}],"curies":[{"name":"wp","href":"https:\/\/api.w.org\/{rel}","templated":true}]}}

La Mémoire du Manguier (Senegal) – Compétition internationale LM

<p>Au cœur de Cité Imbécile, un quartier à la fois précaire et fascinant, l’Imam Habibi est une figure centrale de la communauté. Profondément respecté et aimé des habitants, il est toujours à l’écoute de leurs préoccupations, assis sous le grand manguier où il accueille leurs doléances et œuvre inlassablement pour le bien de tous. Il a su gagner la confiance et l’admiration de chacun des enfants aux anciens. Mais tout bascule lorsqu’il est diagnostiqué de la maladie d’Alzheimer. Cette épreuve bouleverse profondément non seulement sa propre existence, mais<br />
aussi celle de son entourage. Déterminés à lui rendre un peu de ce qu’il leur a tant donné, les habitants s’unissent pour l’accompagner et le soutenir. Les liens intergénérationnels forts feront de cette épreuve une véritable leçon de vie pour tous.</p>
<p><a title="Logiciel billetterie en ligne" href="https://www.weezevent.com/widget_multi.php?84160.31.1.bo" class="weezevent-widget-integration" target="_blank" data-src="https://www.weezevent.com/widget_multi.php?84160.31.1.bo" data-width="100%" data-height="100%" data-id="multi" data-resize="1" data-npb="0" data-width_auto="1">Billetterie Weezevent</a><script type="text/javascript" src="https://www.weezevent.com/js/widget/min/widget.min.js"></script></p>

<p>Au cœur de Cité Imbécile, un quartier à la fois précaire et fascinant, l’Imam Habibi est une figure centrale de la communauté. Profondément respecté et aimé des habitants, il est toujours à l’écoute de leurs préoccupations, assis sous le grand manguier où il accueille leurs doléances et œuvre inlassablement pour le bien de tous. Il [&hellip;]</p>
