{"id":7234,"date":"2025-10-14T22:30:20","date_gmt":"2025-10-14T22:30:20","guid":{"rendered":"https:\/\/www.fifb.be\/?post_type=mec-events&#038;p=7234"},"modified":"2025-10-25T09:43:11","modified_gmt":"2025-10-25T09:43:11","slug":"ceremonie-douverture","status":"publish","type":"mec-events","link":"https:\/\/www.fifb.be\/fr\/events\/ceremonie-douverture\/","title":{"rendered":"C\u00c9R\u00c9MONIE D&#8217;OUVERTURE : Hommage \u00e0 Baloji, Adil El Arbi et Bilal Fallah"},"content":{"rendered":"<h3>GALA D&#8217;OUVERTURE<\/h3>\n<p>\u2728 <strong>Gala d\u2019Ouverture \u2013 FIFB 2025<\/strong><br \/>\nRejoignez-nous pour une soir\u00e9e au <strong>White Cinema \u00e0 Bruxelles<\/strong> et c\u00e9l\u00e9brez le dixi\u00e8me \u00e9dition du <strong>Festival International du Film de Bruxelles<\/strong>.<br \/>\nAu programme : Hommage \u00e0 Baloji, Adil El Arbi et Bilal Fallah<\/p>\n<p>\ud83c\udf9f\ufe0f <strong>Entr\u00e9e sur invitation ou avec Pass Festival<\/strong><\/p>\n<p><a class=\"weezevent-widget-integration\" title=\"Logiciel billetterie en ligne\" href=\"https:\/\/www.weezevent.com\/widget_multi.php?84160.29.1.bo\" target=\"_blank\" rel=\"noopener\" data-src=\"https:\/\/www.weezevent.com\/widget_multi.php?84160.29.1.bo\" data-width=\"100%\" data-height=\"100%\" data-id=\"multi\" data-resize=\"1\" data-npb=\"0\" data-width_auto=\"1\">Billetterie Weezevent<\/a><script type=\"text\/javascript\" src=\"https:\/\/www.weezevent.com\/js\/widget\/min\/widget.min.js\"><\/script><\/p>\n","protected":false},"excerpt":{"rendered":"<p>GALA D&#8217;OUVERTURE \u2728 Gala d\u2019Ouverture \u2013 FIFB 2025 Rejoignez-nous pour une soir\u00e9e au White Cinema \u00e0 Bruxelles et c\u00e9l\u00e9brez le dixi\u00e8me \u00e9dition du Festival International du Film de Bruxelles. Au programme : Hommage \u00e0 Baloji, Adil El Arbi et Bilal Fallah \ud83c\udf9f\ufe0f Entr\u00e9e sur invitation ou avec Pass Festival Billetterie Weezevent<\/p>\n","protected":false},"author":12,"featured_media":8000,"comment_status":"closed","ping_status":"closed","template":"","tags":[],"mec_category":[44],"class_list":["post-7234","mec-events","type-mec-events","status-publish","has-post-thumbnail","hentry","mec_category-ceremonie"],"_links":{"self":[{"href":"https:\/\/www.fifb.be\/fr\/wp-json\/wp\/v2\/mec-events\/7234","targetHints":{"allow":["GET"]}}],"collection":[{"href":"https:\/\/www.fifb.be\/fr\/wp-json\/wp\/v2\/mec-events"}],"about":[{"href":"https:\/\/www.fifb.be\/fr\/wp-json\/wp\/v2\/types\/mec-events"}],"author":[{"embeddable":true,"href":"https:\/\/www.fifb.be\/fr\/wp-json\/wp\/v2\/users\/12"}],"replies":[{"embeddable":true,"href":"https:\/\/www.fifb.be\/fr\/wp-json\/wp\/v2\/comments?post=7234"}],"version-history":[{"count":6,"href":"https:\/\/www.fifb.be\/fr\/wp-json\/wp\/v2\/mec-events\/7234\/revisions"}],"predecessor-version":[{"id":8335,"href":"https:\/\/www.fifb.be\/fr\/wp-json\/wp\/v2\/mec-events\/7234\/revisions\/8335"}],"wp:featuredmedia":[{"embeddable":true,"href":"https:\/\/www.fifb.be\/fr\/wp-json\/wp\/v2\/media\/8000"}],"wp:attachment":[{"href":"https:\/\/www.fifb.be\/fr\/wp-json\/wp\/v2\/media?parent=7234"}],"wp:term":[{"taxonomy":"post_tag","embeddable":true,"href":"https:\/\/www.fifb.be\/fr\/wp-json\/wp\/v2\/tags?post=7234"},{"taxonomy":"mec_category","embeddable":true,"href":"https:\/\/www.fifb.be\/fr\/wp-json\/wp\/v2\/mec_category?post=7234"}],"curies":[{"name":"wp","href":"https:\/\/api.w.org\/{rel}","templated":true}]}}

CÉRÉMONIE D&#8217;OUVERTURE : Hommage à Baloji, Adil El Arbi et Bilal Fallah

<h3>GALA D&#8217;OUVERTURE</h3>
<p>✨ <strong>Gala d’Ouverture – FIFB 2025</strong><br />
Rejoignez-nous pour une soirée au <strong>White Cinema à Bruxelles</strong> et célébrez le dixième édition du <strong>Festival International du Film de Bruxelles</strong>.<br />
Au programme : Hommage à Baloji, Adil El Arbi et Bilal Fallah</p>
<p>🎟️ <strong>Entrée sur invitation ou avec Pass Festival</strong></p>
<p><a class="weezevent-widget-integration" title="Logiciel billetterie en ligne" href="https://www.weezevent.com/widget_multi.php?84160.29.1.bo" target="_blank" rel="noopener" data-src="https://www.weezevent.com/widget_multi.php?84160.29.1.bo" data-width="100%" data-height="100%" data-id="multi" data-resize="1" data-npb="0" data-width_auto="1">Billetterie Weezevent</a><script type="text/javascript" src="https://www.weezevent.com/js/widget/min/widget.min.js"></script></p>

<p>GALA D&#8217;OUVERTURE ✨ Gala d’Ouverture – FIFB 2025 Rejoignez-nous pour une soirée au White Cinema à Bruxelles et célébrez le dixième édition du Festival International du Film de Bruxelles. Au programme : Hommage à Baloji, Adil El Arbi et Bilal Fallah 🎟️ Entrée sur invitation ou avec Pass Festival Billetterie Weezevent</p>
